m - 2 + 1 - m**2 + 4*m. Give p(n).
-5
Let v(p) = -p**2 + p + 5. Suppose 0*i + 100 = 4*i. Suppose 5*y + 0*y - i = 0. Suppose 10 = y*c - 10. Determine v(c).
-7
Let j(y) be the first derivative of 3/2*y**2 - 3 + 3*y - 1/3*y**3. Let n(l) = l**3 + l**2 + l + 4. Let m be n(0). Calculate j(m).
-1
Let i be (4/2)/(6/(-9)). Let o = -13 - -14. Let v(b) = -o + 3*b - 18*b**3 + 0*b - 2*b**2 + 17*b**3. What is v(i)?
-1
Let d be 6*(4 + 14/(-4)). Let b(q) = 2 + 3 - 1 - d*q - 1. Calculate b(3).
-6
Suppose 2*u = 2*p - 3*u - 26, -u = -3*p + 26. Let d(s) = -2*s + 8. What is d(p)?
-8
Let k(z) = -4 + z**2 - 3 + 2 - 5*z + z. What is k(6)?
7
Let w(y) = y**3 + 5*y**2 + y + 2. Suppose 0 = b - 9 + 1. Let s(u) = u**2 + 4*u + 2. Let l be s(-3). Let i be b/(-2) + (-2 - l). Give w(i).
-3
Let y(d) be the third derivative of -1/24*d**4 + 0*d**5 + 0 + 0*d + 3*d**2 + 0*d**3 - 1/20*d**6. Calculate y(1).
-7
Let x(b) = b**2 + 7*b + 3. Let c(u) = -2*u - 16. Let i be c(-7). Let q be i/3*9/1. What is x(q)?
-3
Let s = -6 + 10. Suppose 0*l - 12 = -s*l. Let q(r) = l*r**2 - 3 - r**2 + 3*r - r**2. What is q(-4)?
1
Let y(s) = 2*s**2 - 4 + 7*s - 5*s**2 - 3*s. Let i(w) be the first derivative of -7*w**3/3 + 9*w**2/2 - 9*w + 1. Let u(h) = -2*i(h) + 5*y(h). Determine u(3).
-5
Let l(o) = -5*o**2 - 5*o + 7. Let s(t) = t**2 + t - 1. Let n(k) = -l(k) - 4*s(k). Calculate n(-3).
3
Let c(p) = -p**3 + 1. Let q(g) = -4*g + 32. Let d be q(8). Give c(d).
1
Let r = 13 + -19. Let m(t) = -t**2 - 4*t + 8. What is m(r)?
-4
Let w(f) be the first derivative of -f**3/3 + 3*f**2 + 8*f - 1. What is w(6)?
8
Let r(v) = v + 5. Let m = -20 - -28. Suppose 4*z - 5*d + m = -6, 4*d = 4*z + 16. Determine r(z).
-1
Let u(t) = -15*t**2 - t + 2. Let h(k) be the first derivative of 61*k**3/3 + 2*k**2 - 9*k + 4. Let o(y) = 2*h(y) + 9*u(y). Determine o(-1).
-12
Let j be 3 - (-2 - 9/(-3)). Let x(u) = -u**3 + 2*u**2 - u + 1. Calculate x(j).
-1
Let q(u) = -u**2 - 7*u - 7. Let r = 1 + -6. Calculate q(r).
3
Let l(a) = -a - 8. Let z be 4/7 - 874/133. What is l(z)?
-2
Suppose -10 = d - 2*c, 4*d = -c - 14 - 8. Let n(z) = z**3 + 6*z**2 - 2*z + 8. Determine n(d).
20
Let r = 3 + -1. Suppose 4*j - 3*j + r = 0. Let m(b) be the first derivative of b**2/2 + b + 1. Calculate m(j).
-1
Let m(b) = -3*b**3 + 32*b**2 + 27*b - 21. Let n(s) = s**3 - 11*s**2 - 9*s + 7. Let w(j) = 6*m(j) + 17*n(j). What is w(6)?
11
Let z(p) = -7*p - 4*p + 5*p - 3 - p**2 + 4*p. Give z(-3).
-6
Let r(g) be the first derivative of -g**4/24 - 5*g**3/6 + g**2 - 4. Let a(h) be the second derivative of r(h). Let o(q) = q + 1. Let t be o(4). Give a(t).
-10
Let b = 7 + 0. Let v(m) = 0*m - m - 13 + b - 2*m. Let k be v(-4). Let h(z) = -z + 8. What is h(k)?
2
Suppose -3*h + 3*o - 15 = 0, -o + 24 = -5*h + 7. Let l(q) = -q**2 + 7*q + 2. Let i(s) = 4*s + 1. Let k(p) = h*l(p) + 5*i(p). Suppose -v - v = 2. Calculate k(v).
3
Let o(h) = h + 8. Let v be o(-4). Let z(n) = 1 + 4*n**2 - 3*n**2 + 7*n - 2*n**2 - 3*n. What is z(v)?
1
Let i(f) be the third derivative of 0*f - 7/24*f**4 - 5*f**2 + 0 + 1/2*f**3 + 1/60*f**5. What is i(6)?
-3
Suppose -87 = -3*s + 147. Let p(d) = 8*d - 2*d + 78 - s. Determine p(-1).
-6
Let a(r) = 4*r**3 - 3*r**3 - 13*r**2 + 14*r**2 + 2*r**3 - 2. What is a(2)?
26
Let z(k) be the third derivative of -k**5/60 + k**4/24 + k**3/6 + k**2. Let n(b) be the first derivative of z(b). Suppose 2 - 46 = 11*t. What is n(t)?
9
Suppose 0 = -12*h + 7*h. Let z(w) = w**2 + w. Calculate z(h).
0
Let a be (-16)/(-9) - 2/(-9). Let p be 0 + a - (2 + -1). Let y(d) be the first derivative of -9*d**4/4 - d**2/2 + 12. Determine y(p).
-10
Let p be 4/2*2/1. Let x(v) = -v**3 + 4*v**2 - 3. Let d be x(p). Let j(z) be the first derivative of -z**4/4 - 4*z**3/3 - 2*z**2 - 4*z - 10. Give j(d).
-1
Suppose 2*p - 4 - 2 = 0. Suppose -5*y + 77 = -p*i, 5*y - 79 = i - 0*i. Suppose 2*a + 6 = -4*l - 0*a, -3*a = -l + y. Let r(m) = 5*m**3 + 2*m**2 - m. Give r(l).
6
Let x(l) = -3*l. Suppose -2*d + 1 = -5*h, 2*d + 5 = 1. Calculate x(h).
3
Let j = -7 + 10. Let l(i) = -4*i**2 - 1 - 3*i**j + 2*i**3 - 1. Let h be 2 + -4 + 2*-1. Determine l(h).
-2
Suppose 2*g = -0*g + 4. Let v(z) = -5*z**2 + 1 - g*z + 7*z + z**3 - 3. Determine v(4).
2
Let l(n) be the first derivative of -5*n**2/2 - n + 1. Let y = -24 - -23. Calculate l(y).
4
Let p(h) = -4*h + 2. Suppose 3*c + 3*w + 8 = 4*w, -c + 5*w + 16 = 0. Let s(r) = r**2 + 4*r + 5. Let a be s(c). Let y = 7 - a. Determine p(y).
-6
Let n be 38/(-6) - 12/(-9). Let x(k) = -k**2 - 2*k - 3. Determine x(n).
-18
Suppose -5*k = -16 + 1. Let f be (6/15)/(k/(-30)). Let g(z) = z**2 + 3*z - 5. Calculate g(f).
-1
Let y(h) = -6 + h + 0 + 1. Suppose 3*s - 2*g + 4*g = 8, -4*s + 10 = 3*g. Give y(s).
-1
Let f(a) = a + 3. Let m(l) = -2*l + 21. Let b be m(9). Determine f(b).
6
Let x be (-9 + 12/4)/(-2). Let q(y) = 2 - x + 6*y - 4*y + 3. Calculate q(-2).
-2
Let m(b) = -b**2 + 7*b - 7. Suppose -y - 3*r = -r + 2, 4*y + r + 1 = 0. Let z be -1*5*(1 - y). Let q = z - -10. What is m(q)?
3
Let j(g) = -136 + 284 - 11*g + g**2 - 143. Give j(11).
5
Let u be 3/(-9)*(3 - 3). Let q = -3 - -5. Let z = u + q. Let n(s) = -s + 1. Determine n(z).
-1
Let a = 11 + -18. Let k(l) = -l**2 + l + 1. Let z(x) = -3*x**2 - 6*x - 6. Let u(w) = -2*k(w) + z(w). Determine u(a).
-1
Let h(x) = -x**2 + x. Let c(s) = 2*s - 57. Let u be c(26). What is h(u)?
-30
Suppose 4 + 0 = q. Suppose 4*k - 2*k - o = 1, -k - o + 5 = 0. Let m(n) = -n + k*n - 2*n + 5. Determine m(q).
1
Let s(d) = -d**3 - 1. Let n be 3/4 - 6/8. Let k be (n/(-1))/((-4)/(-4)). What is s(k)?
-1
Let w(g) = 4*g + 5 + 0 - 2*g. What is w(-4)?
-3
Let c = 11 - 7. Let l(x) = c*x + 1 - x**2 - 7 + 5. Let v(m) = m**2 - 3*m - 1. Let u be v(4). What is l(u)?
2
Let b(o) = 3*o + 3. Suppose -w + 13 = -5*n - 13, -5*n + 5*w - 10 = 0. What is b(n)?
-15
Let p(i) be the first derivative of i**4/2 - 4*i**3/3 + i**2 - 1. Let l be -6*(-4)/18*3. Let h be (-8)/6*(-6)/l. Determine p(h).
4
Let k(q) = 39*q**2 - 4*q + 4 - 6 + 7 - 40*q**2. What is k(-4)?
5
Suppose -l - 4 = -0*o - 4*o, 16 = 3*l + 2*o. Let g(z) = z**2 - 4*z - 3. What is g(l)?
-3
Let u = 39 + -24. Suppose 0*c + u = 3*c. Let b(v) = 2*v**3 - 3*v**2 - c + 0*v**3 - 3*v - v**3. What is b(4)?
-1
Let m(q) = q + 7. Let o(l) = -5*l - 36. Let n(c) = 11*m(c) + 2*o(c). Let g(i) = -2*i - 4. Let u(w) = -4*g(w) - 3*n(w). Calculate u(1).
6
Let q(d) = 5*d**3 - d**2 - d. Suppose -7*b + 3*b + 12 = 0. Suppose 0 = -4*v - 2*g + 2 - 0, 2*g = -b*v + 3. What is q(v)?
-5
Suppose -12*r - 12 = -9*r. Let b be 2/(-2) + 1*r. Let o(m) be the first derivative of -m**3/3 - 2*m**2 + 5*m - 2. Determine o(b).
0
Let s(j) = -j + 8 + 4 - 5 + 0. Determine s(5).
2
Let m(r) be the first derivative of -r**4/24 + 3*r**2/2 + 4. Let h(f) be the second derivative of m(f). Let p be 2/(-1 - 6/(-10)). Determine h(p).
5
Let i be (-1)/2*8/(-6)*3. Let d be (4 + 0)*3/4. Suppose -a + d = i. Let g(l) = -2*l. What is g(a)?
-2
Let h(b) = b. Let u(n) = -4*n + 1. Let s(k) = 7*h(k) + 2*u(k). Calculate s(7).
-5
Let b(r) = 2*r**2 - 3*r + 1. Let w = -27 - -18. Let f be w/(-6) - (-2)/4. Give b(f).
3
Let l(a) = a**3 - 4*a**2 + 3*a + 1. Suppose 4*y + 5 = k + 15, 5*y - 4*k - 7 = 0. Determine l(y).
1
Let b(w) = -w**2 - 8*w - 1. Let o be b(-7). Suppose i = -0*i - o. Let s(n) = -n**2 - 7*n - 5. Give s(i).
1
Let z(a) = 1 + a + 7 - 2. Suppose -2*p + u = -97 + 110, 4*u = 5*p + 40. What is z(p)?
2
Let k(w) = -w**3 + 6*w**2 - 2*w + 4. Let b be 2/(30/(-9))*-10. Determine k(b).
-8
Let d(a) = a - 2. Let c be d(7). Let j(k) = c*k - 1 + 0*k**3 - k**3 + 1 + 5 + 4*k**2. Determine j(5).
5
Let q(p) = -4*p - 26. Let d be q(-7). Let a(i) = i**3 - 2. What is a(d)?
6
Suppose 3*b = -3*j + 9, j - 5*j = -3*b + 9. Suppose 0 = 5*m - b*m - 4. Let o(a) = -a + a + m - a**2 - a. What is o(-3)?
-4
Let c(k) = -k**3 - k**2 - 1. Let b(r) = 3*r**3 + r**2 + 6*r + 7. Let n(v) = b(v) + 4*c(v). Let l = -3 - 1. What is n(l)?
-5
Let c(l) = -l**2 + 6*l - 3. Let u be c(2). Let p(k) = 2*k - 3. What is p(u)?
7
Let k(l) = -l**2 + 2*l + 5. Let o(v) = v - 1. Let h(n) = k(n) + 2*o(n). Let u be 1*(5 - (3 - (-9)/(-3))). What is h(u)?
-2
Suppose 0 = 3*j - 17 + 5. Let f(g) = -4 + g + 2 - j + 2*g. Give f(5).
9
Suppose 3*j + 12 + 45 = 3*w, -j = w + 11. Let t be 1/(((-6)/j)/2). Suppose -2*k + 5 = -t*m, 0 = 2*k - 4*k + 2*m + 8. Let l(r) = r**3 - 5*r**2. What is l(k